s the highest common factor of 112 and p?
7
Let t(l) = -20*l**2 - 143*l - 7. Let v be t(-5). What is the highest common divisor of v and 13?
13
Let d(i) = i**3 + 22*i**2 + 68*i - 9. Let u be d(-18). Let h be ((-5)/2 - 0)*2. Let o = 2 - h. Calculate the highest common factor of o and u.
7
Suppose 1340 = -8*g + 13*g. Calculate the highest common divisor of g and 67.
67
Let q = 68 + 55. Calculate the highest common divisor of q and 82.
41
Let n(d) = -24*d + 239. Let j be n(9). Calculate the highest common factor of 299 and j.
23
Let d(p) = -p**3 + 7*p + 4. Let f be d(-3). Let i = 30 - f. What is the highest common divisor of 180 and i?
20
Let o = 46 + 24. Suppose -5*l + 55 = 5*z, 4*l = 2*z - 0*z + 62. Calculate the greatest common factor of l and o.
14
Let b = 19 - 9. Suppose -175 = -5*z + b*z. Let c = -15 - z. What is the greatest common divisor of c and 40?
20
Suppose -4*y = -y + 75. Let n be (-5)/y + 244/5. Suppose 4*t - 5*a = 15, -a + 14 = -4*t + n. What is the highest common divisor of 5 and t?
5
Suppose 4*j + 2*u = 954, 5*j - 489 - 717 = 2*u. Calculate the greatest common divisor of j and 30.
30
Let q = 57 - 30. Calculate the greatest common divisor of 9 and q.
9
Let f(h) = h**3 + 3*h**2 - 6*h - 5. Let w be f(-4). Suppose 0 = -w*p - p. Suppose p*q + q = 3, -q = -y + 96. What is the greatest common factor of y and 11?
11
Let t = 657 + -638. Calculate the highest common divisor of t and 361.
19
Let a(r) = -7*r + 37. Let q(g) = 4*g - 19. Let l(u) = 3*a(u) + 5*q(u). Let v be l(0). Calculate the highest common factor of 2 and v.
2
Let o = 4 + 0. Suppose 44 - 4 = o*x. Let c be 23 + (-6 - -11)/1 + -3. What is the greatest common factor of x and c?
5
Let m(n) = 3*n - 76. Let v be m(34). What is the greatest common divisor of v and 247?
13
Let g = 1715 + -1707. Suppose -2*m + 57 = -m - 5*z, -3*m = -2*z - 106. Suppose -h + m = g. Calculate the greatest common factor of h and 48.
24
Let k(p) = p**2 - 4*p. Let r be k(3). Let u be 1 - r - 18/(-9). Let b(t) = 2*t - 6. Let x be b(4). Calculate the highest common divisor of u and x.
2
Let m(y) = -2*y**3 - 8*y**2 - 3*y - 9. Let b be m(-5). What is the greatest common divisor of 136 and b?
8
Suppose -10 = -3*j + 8. Suppose -x = -0*x - j. Suppose -7*b + 456 = 120. What is the highest common divisor of x and b?
6
Let w be 3*1 + 7 + 27. Suppose -5*d = 4*m - w, 5*m - m - 17 = -d. Suppose 5*q = -4*g + 8, g + 0*g - m*q - 19 = 0. What is the highest common factor of 7 and g?
7
Let u be 2*((-12264)/16)/(-21). What is the greatest common divisor of 2117 and u?
73
Let g = -89 + 133. Suppose -2*r = 4*c - 46, r = 7*c - 12*c + 56. What is the greatest common factor of c and g?
11
Let k(d) = 19*d**2 + 4*d + 2. Let r be k(-2). Let t be -1 + 2 + 1 - 0. Suppose -5*a = -t*a - 21. What is the greatest common factor of r and a?
7
Let q = -120 - 125. Let b be (-2 - q/10)*6. Calculate the highest common divisor of 15 and b.
15
Suppose 2160*w + 34992 = 2178*w. Calculate the highest common divisor of w and 72.
72
Suppose 1520 = -0*o + 4*o. Calculate the greatest common divisor of o and 20.
20
Suppose 5*h = 3*s - 635, h - 129 = -s + 96. Suppose -5*j - 5*u + 80 = 0, 79 + 5 = 5*j + 4*u. What is the greatest common divisor of s and j?
20
Suppose -58*w + 264 = -56*w. Calculate the highest common divisor of 12 and w.
12
Let j be (0 + 9)/(2/44). Let l(a) = -a + 5. Let q be l(-17). What is the greatest common divisor of j and q?
22
Suppose -s = -4*s + 3. Let w be s/(1 + (-4)/6). Suppose 0*p = -w*p + 396. What is the greatest common factor of p and 12?
12
Let f(l) = l**2 + 16*l + 9. Let o be f(-17). Let u(k) = 20 + 2*k - 3*k + 19. Let t be u(0). Calculate the greatest common divisor of t and o.
13
Let h = -27 - -41. Suppose -2*y + 12 = -h. What is the greatest common divisor of y and 13?
13
Suppose -3*x = -8*x - 20, 29 = 5*i - x. Let q(o) = -o**2 + 5*o - 3. Let b be q(i). Let f = 9 + b. Calculate the greatest common factor of f and 30.
6
Let d = 31 + -10. Let b(p) = -3*p - 19. Let o be b(-7). Suppose o*r + 213 - 591 = 0. What is the highest common factor of d and r?
21
Suppose 56 = -2*v + 4*v. Let r = -18 + v. Calculate the highest common divisor of 30 and r.
10
Let z(l) = -l**2 + 11*l + 15. Let x be z(12). Suppose 0 = -0*h - x*h - 9. Let u be 4*((-12)/16)/h. What is the greatest common divisor of 5 and u?
1
Suppose 16*t = 1008 + 144. What is the greatest common divisor of t and 90?
18
Suppose 5*g - 52 - 18 = 0. Let z be -4 - -1*(g - 3). Suppose 0*m - 4 = -4*m. Calculate the greatest common divisor of z and m.
1
Suppose -24*w + 20*w + 68 = -7*t, 5*t + 70 = 5*w. Let i(m) = m**3 + 7*m**2 + 7*m + 8. Let q be i(-6). Calculate the highest common divisor of w and q.
2
Suppose m = 8*m - 616. Calculate the greatest common factor of 308 and m.
44
Let g(s) = s**2 - 4*s + 1. Suppose -z - 35 = -5*c, 0 = 3*c - 0*z - 3*z - 9. Let a be g(c). Let m = 46 - a. What is the greatest common divisor of m and 104?
13
Suppose -3*l + 11 = -1. Let v = l + 2. Let r = 9 - v. Calculate the greatest common factor of 21 and r.
3
Let r(c) = -129*c - 356. Let p be r(-6). What is the greatest common divisor of 76 and p?
38
Suppose 3*u + 3 = 4*u. Suppose -2*c + 28 = 2*l, u*l - 12 - 6 = -c. Suppose b - 15 = 21. What is the highest common divisor of c and b?
12
Suppose 20 = -x - x - 2*r, r + 40 = -4*x. Let d be 420/24*(-12)/x. What is the highest common factor of d and 63?
21
Let n(h) = -25*h + 1. Let s be n(-1). Let u(o) = -o**3 + 6*o**2 + o - 5. Let j be u(8). Let v = j + 307. Calculate the greatest common divisor of s and v.
26
Let b be (-8)/(-6) + (-4)/3. Let t(m) = m**3 + 0*m**2 + b*m**2 - m**2 - 3*m + 2. Let r be t(3). What is the highest common divisor of 1 and r?
1
Let m(z) = -71*z + 3 + 8*z - 4 - 9*z. Let c be m(-1). Suppose 2*t + 4*a - 122 = 0, 2*t = t + 3*a + c. Calculate the greatest common factor of t and 26.
13
Let n(u) = -8*u - 6. Let k be n(-12). Calculate the highest common factor of k and 27.
9
Suppose -21*x - 255 = -26*x. Let g = -68 + 102. What is the greatest common factor of g and x?
17
Let l = 577 + -532. Calculate the greatest common divisor of l and 40.
5
Let z(j) = 4*j + 5. Let b(n) = -4*n - 6. Let s(i) = -4*b(i) - 5*z(i). Let q be s(-7). Calculate the greatest common factor of q and 36.
9
Let a(i) = 4*i**2 - 10*i + 6. Let z be a(3). Let u = z + 8. Let q = -31 - -51. What is the highest common divisor of u and q?
20
Let d(g) = g**3 + 11*g**2 + 8*g - 18. Let c be d(-10). Let t be -7*(c/(-2) + -2). Calculate the highest common factor of 7 and t.
7
Let h be (-1175)/(-6) + (-4)/(-24). Suppose -3*y + h = -y. Let x(n) = 6*n**2 - 4*n - 2. Let m be x(2). What is the greatest common factor of m and y?
14
Suppose 10 = -7*x + 45. Suppose 33 = 3*n - v, 4*n - 3*v - 34 = -x*v. Let o be (-98)/(-5) + (-4)/(-10). What is the greatest common factor of o and n?
10
Let h be 9/2*(-80)/(-15). What is the greatest common divisor of h and 3048?
24
Let r = 267 + -231. Calculate the greatest common divisor of 60 and r.
12
Suppose 0*o = -3*y - 3*o + 12, -3*y - o = -14. Let z(g) = 3 + y*g - 3*g - g**2 + 2*g + 2*g. Let l be z(5). Calculate the greatest common factor of 12 and l.
4
Let p = 260 + -246. Calculate the greatest common divisor of p and 245.
7
Let o = 104 + -74. Suppose -4*q + o = q. Calculate the highest common factor of q and 18.
6
Suppose -913 - 337 = -25*h. Calculate the greatest common divisor of 170 and h.
10
Let n be ((-28)/7)/(2/(-721)). Calculate the highest common factor of n and 14.
14
Suppose -4*c - 158 - 16 = -2*r, 0 = 3*r + c - 226. What is the highest common divisor of r and 14?
7
Let l be 27/18*(-10)/(-3). What is the highest common divisor of l and 235?
5
Let a be 0 + 23 + (-1 - 0). Suppose 3*t + 57 = 2*s - 56, -3*t = 3*s - 162. What is the highest common factor of a and s?
11
Suppose v + 0 = -2*s + 3, -3*v - 18 = -3*s. Suppose 5*r = 25, 2*n + s*n - 115 = r. Calculate the greatest common factor of n and 6.
6
Let m(w) = -5*w**2 - 66*w + 2. Let d be m(-8). Calculate the highest common divisor of d and 60.
30
Let y(s) = s**2 - 20*s + 19. Let a be y(20). Suppose 3*o - 2*h - 22 = a, 0 = -o - 5*h + 8. Calculate the greatest common factor of o and 104.
13
Suppose -3*c = -2*m + 102 - 2, -2*m = -4*c - 100. What is the greatest common factor of 290 and m?
10